(-3)/(-4))/((-1)/(-8)). What is the greatest common divisor of m and t?
3
Suppose 130 = 6*l + 10. What is the highest common factor of l and 50?
10
Let q be (-3)/(3 + -6)*0. Let r be 26 - (1 - (1 - q)). Calculate the highest common factor of r and 260.
26
Suppose 0 = y + 4*y - 160. Suppose 3*k - 5*u = 34, 3*k - 3*u - y = u. Calculate the greatest common divisor of 72 and k.
8
Let u = 47 + 1. Calculate the highest common factor of u and 16.
16
Let z = 202 - 106. Calculate the highest common divisor of 24 and z.
24
Suppose -49 = -5*r + 26. Suppose 0 = 2*f + 5*b - 22, f + 5*b = b + 14. Calculate the greatest common factor of f and r.
3
Suppose -2*d = -7 + 1. Suppose -2*b + d*x - 7 = -46, 2*x = -2. What is the greatest common factor of b and 2?
2
Let l be (6/(-5))/(3/(-10)). Let p be (-16)/(-6)*(l - 1). Let x = 180 - 108. What is the greatest common factor of p and x?
8
Let k = -123 - -135. Let m(j) = 5*j - 3. Let r be m(3). What is the highest common factor of k and r?
12
Let q be 7*((-4)/(-7))/2. What is the greatest common factor of q and 22?
2
Suppose w = -11*w + 240. Calculate the highest common factor of w and 80.
20
Suppose 4*l - 33 = 3. Suppose 100 = 5*m - 0*m. Suppose 0 = -2*b + 5*d + 2 - m, 2*d = -b + 9. Calculate the highest common divisor of l and b.
1
Let h(r) = -r + 12. Let k be h(6). Let l be 3/2*52/k. Calculate the highest common divisor of 91 and l.
13
Let l = -135 - -164. What is the highest common divisor of l and 87?
29
Let k be (-2)/5 - 88/(-20). Let t = -12 + 52. Suppose 0 = -3*l + l + t. Calculate the highest common factor of l and k.
4
Let p = -9 + 13. Let v be 2*((4 - 4) + 8). What is the greatest common divisor of p and v?
4
Let w(m) = 54*m**2 + 1. Let d be w(-1). Let y = -16 - -27. What is the highest common divisor of y and d?
11
Let k = 1 + -3. Let i = 329 + -194. Let m = i + k. What is the highest common divisor of 19 and m?
19
Let r(j) = -7*j**3 - 3*j**2 + j - 4. Let u be r(-3). Calculate the highest common factor of 62 and u.
31
Suppose 55 = 4*f + 11. Suppose -2 = -3*i + 1. What is the greatest common factor of f and i?
1
Suppose -5 = -3*f + 1. Suppose 0*i - 26 = -3*w - i, -f*i = -5*w + 58. Calculate the highest common divisor of 110 and w.
10
Let j(t) = 45*t**2 - 4*t + 2. Let h be j(2). Let i = h + -74. Let k = i + 53. Calculate the highest common factor of 17 and k.
17
Let m(l) = l**3 - 4*l**2 + 5*l - 10. Let k be m(5). Calculate the greatest common divisor of k and 5.
5
Suppose -5*r = 5*l + 45, 5*l - 2*r = -1 - 44. Let o be (-3164)/(-18) - 2/l. Let d = -22 - -38. Calculate the highest common divisor of d and o.
16
Suppose -4*p - 18 = -p. Let d be (2/(-6))/(p/198). What is the greatest common factor of d and 121?
11
Let l be (-20)/(-3)*(-1 - 5). Let s be (0 - l/6)*3. Suppose -4*r + 416 = 4*g, 5*g - 4*r - 488 = -r. What is the greatest common factor of g and s?
20
Suppose -13*h + 2176 = 4*h. Calculate the greatest common factor of h and 16.
16
Let g(i) = -4 + 3 + 29*i**3 - 2*i - 326*i**3 - i**2. Let y be g(-1). What is the greatest common factor of y and 27?
27
Suppose 4*y = 3 + 1. Let i = 1 + y. What is the greatest common divisor of i and 8?
2
Let i = -24 - 0. Let g = i - -34. Suppose g = -2*v, 3*r = r - v + 55. Calculate the greatest common divisor of r and 6.
6
Suppose -2*n - 3*n + 5 = 0. What is the highest common factor of n and 9?
1
Suppose f = -3*f + q + 35, 3*f + q - 35 = 0. Suppose -5*i = -r + 40, 0 = 3*r + r + 4*i - 88. What is the greatest common divisor of f and r?
5
Suppose 33 = 3*i - 0*k - 3*k, -5*i - 3*k + 15 = 0. Let d = 0 + 2. Let y = -1 + d. Calculate the greatest common factor of i and y.
1
Let q(v) = 21*v**2 + v. Let z be (-2 + 1)*(-2 + 3). Let c be q(z). Let r = -7 - -17. What is the highest common factor of c and r?
10
Suppose -4*b + 0 + 8 = 0. Suppose 0 = b*g + 2*g - 8. Calculate the highest common factor of g and 10.
2
Let t be (147/12)/((-2)/(-8)). Suppose 5*g = g - 4, -3*g = 4*u - t. What is the highest common factor of u and 117?
13
Suppose -2*v - w = -0*v - 523, 0 = 2*v - 5*w - 493. Calculate the greatest common factor of 7 and v.
7
Let n be (-9)/(9/4) - -400. What is the highest common divisor of 36 and n?
36
Let t(j) = j**3 - 3*j**2 - 3*j + 2. Let i be t(4). Suppose i*y - 75 = y. Calculate the highest common factor of 45 and y.
15
Suppose -4*l - 2*b + 401 = 87, 106 = l - 5*b. Let t(q) = 14*q**2 + 3*q - 8. Let d be t(2). What is the greatest common divisor of l and d?
27
Let y(w) = w**3 - 11*w**2 - 7*w + 3. Let u be y(12). Let o be (-2)/(-5) - 13/(-5). Suppose o*l + 12 - 138 = 0. What is the greatest common divisor of l and u?
21
Let i(r) = -r + 0*r + 7*r. Let d be i(1). Let s = d - 1. What is the highest common divisor of s and 15?
5
Suppose 0*k + 2*w + 26 = -3*k, 4*k = 2*w - 44. Let u be (-642)/k + (-5)/25. Let n be (4/3)/(1/6). Calculate the greatest common divisor of u and n.
8
Suppose -24*w + 21*w = -63. Let f = -67 - -130. Calculate the greatest common divisor of f and w.
21
Suppose -3*n + 8 = 2*v, 12 = 4*n - n. Let u be (2 + 4)*v/(-4). Let p be 1*(-3)/(1 - 2). What is the highest common divisor of p and u?
3
Let f(v) = -5*v**2 - 3*v - 2. Let w(k) = 9*k**2 + 6*k + 4. Let j(l) = -11*f(l) - 6*w(l). Let c be j(6). What is the highest common factor of c and 176?
16
Let x be (-12)/(-8)*10 + -4. Suppose 2*u - x = u. Suppose -n + z + 93 = 0, -2*z + 83 = n - z. What is the greatest common divisor of u and n?
11
Suppose -5*o - 2*f = -233, 2*f - 61 = -o - 2*f. Suppose 0 = -2*u + 4 + 12. Let t be (u - -1)/((-2)/(-2)). Calculate the highest common divisor of t and o.
9
Suppose -3*h - g + 177 = 0, -2*h + 288 = 3*h + 4*g. Calculate the greatest common factor of h and 10.
10
Let b = 15 - 23. Let w = b + 14. Let c = -8 - -44. Calculate the greatest common factor of c and w.
6
Let z be 0 + 1 - (-36 + -3). Suppose 2*v - 10 = -3*r, 4*r + 25 = 5*v - 0*r. Calculate the highest common divisor of z and v.
5
Let b(n) = 3*n - 2. Let j(l) = -2*l + 2. Let q(a) = 5*b(a) + 4*j(a). Suppose -5*f = 3 - 18. Let w be q(f). Calculate the highest common factor of w and 19.
19
Let b(s) = s + 1. Let c = -1 + 7. Let o be b(c). Suppose -7*y - a = -6*y - 17, 5*a = -3*y + 57. What is the highest common divisor of o and y?
7
Let t(f) = -f**2. Let k(h) = h**3 - 3*h**2 - 6*h - 2. Let j(z) = -k(z) + 5*t(z). Let p be j(-4). Calculate the highest common divisor of p and 25.
5
Suppose -104 + 28 = -4*c. Calculate the greatest common factor of 76 and c.
19
Let a(p) = -p**3 - 5*p**2 - 2*p - 7. Let d be a(-5). Suppose -f + 22 = 4*w - d, -2*w = -5*f + 37. What is the highest common divisor of 54 and f?
9
Let u(d) = -d**3 - 6*d**2 - 6*d - 1. Let j be u(-5). Suppose 5*m + 2*f = -20, 3*m + j + 8 = f. Let i = 3 - m. What is the highest common factor of i and 56?
7
Let p be 1 + 1 + 1 + 2. Let l be 313/p + (-2)/(-5). Calculate the highest common factor of 9 and l.
9
Let v be 14/4 - (-2)/4. Let i = 13 - v. Let t(x) = -3*x - 3. Let d be t(-4). What is the highest common factor of i and d?
9
Suppose 0 = i - 0*i - 3. Suppose 0 = 4*t - 1 - i. Let h(w) = 22*w + 1. Let z be h(t). What is the greatest common factor of 161 and z?
23
Suppose -5*t = -j, 5*j - 6*j = -2*t - 3. Suppose 26 + 159 = -5*b - 5*i, -103 = 3*b - i. Let s = j - b. What is the highest common divisor of 8 and s?
8
Suppose 0*r - 6 = -4*r + s, r + 2*s = 6. Let a be 20 + ((-12)/(-2))/r. What is the greatest common factor of a and 161?
23
Let b(n) = -n**3 - n**2 + 2*n + 24. Let z be b(0). Calculate the highest common factor of 3 and z.
3
Let x be ((-24)/(-7))/(-8) + 6/14. Suppose 0 = 3*c + 3, -t + 6 = -4*c - 3. Suppose x = -3*s + t - 2. What is the greatest common divisor of s and 9?
1
Let j(r) = -r**3 + 9*r**2 + 3*r - 9. Let d be j(7). Suppose 5*v + 59 = 4*o, -o + 5*v + 48 = 2*o. What is the greatest common divisor of o and d?
11
Suppose -2*w = -5 + 3, l - 4*w - 13 = 0. Calculate the greatest common factor of l and 51.
17
Suppose -21 = 3*c - 4*c. Let b = 58 - 37. Calculate the highest common factor of c and b.
21
Suppose 2*q - 96 = -2*q. What is the greatest common divisor of 12 and q?
12
Let q be 61 + (-8)/4 - 4. What is the greatest common divisor of 55 and q?
55
Suppose 5*z - 5*k = 80, -z + 7 = -4*k - 0*k. Suppose z = 3*f - 23. Calculate the highest common factor of 42 and f